{"id":84,"date":"2020-06-25T10:42:16","date_gmt":"2020-06-25T13:42:16","guid":{"rendered":"http:\/\/jabaquaraac.com.br\/?page_id=84"},"modified":"2026-03-16T15:44:11","modified_gmt":"2026-03-16T18:44:11","slug":"escolinha-de-futebol","status":"publish","type":"page","link":"https:\/\/jabaquaraac.com.br\/?page_id=84","title":{"rendered":"Escolinha de Futebol"},"content":{"rendered":"<p><strong>ESCOLINHA DE FUTEBOL SOCIETY<\/strong><\/p>\n<p>Mensalidade s\u00f3cio &#8211;\u00a0 R$ 80,00\/N\u00e3o s\u00f3cio R$100,00<\/p>\n<p>Kit uniforme\u00a0 &#8211; R$ 130,00 (Camisa, short e mei\u00f5es)<\/p>\n<p>Ter\u00e7a e Quinta feira: das 18 \u00e0s 19h (05 at\u00e9 09 anos)<\/p>\n<p>Ter\u00e7a e Quinta feira: das 19 \u00e0s 20h (10 e 13 anos)<\/p>\n<p><strong>Documentos para inscri\u00e7\u00e3o:<\/strong><\/p>\n<p>RG e CPF do aluno e respons\u00e1vel<\/p>\n<p>Atestado m\u00e9dico<\/p>\n<p>Comprovante de resid\u00eancia<\/p>\n<p>01 foto 3&#215;4<\/p>\n<p>Informa\u00e7\u00f5es Whatsapp (13)<a href=\"https:\/\/api.whatsapp.com\/send?1=pt_BR&amp;phone=5513997881914\"> 99788-1914<\/a><\/p>\n","protected":false},"excerpt":{"rendered":"<p>ESCOLINHA DE FUTEBOL SOCIETY Mensalidade s\u00f3cio &#8211;\u00a0 R$ 80,00\/N\u00e3o s\u00f3cio R$100,00 Kit uniforme\u00a0 &#8211; R$ 130,00 (Camisa, short e mei\u00f5es) Ter\u00e7a e Quinta feira: das 18 \u00e0s 19h (05 at\u00e9 09 anos) Ter\u00e7a e Quinta feira: das 19 \u00e0s 20h (10 e 13 anos) Documentos para inscri\u00e7\u00e3o: RG e CPF do aluno e respons\u00e1vel Atestado [&hellip;]<\/p>\n","protected":false},"author":1,"featured_media":0,"parent":0,"menu_order":0,"comment_status":"closed","ping_status":"closed","template":"","meta":[],"_links":{"self":[{"href":"https:\/\/jabaquaraac.com.br\/index.php?rest_route=\/wp\/v2\/pages\/84"}],"collection":[{"href":"https:\/\/jabaquaraac.com.br\/index.php?rest_route=\/wp\/v2\/pages"}],"about":[{"href":"https:\/\/jabaquaraac.com.br\/index.php?rest_route=\/wp\/v2\/types\/page"}],"author":[{"embeddable":true,"href":"https:\/\/jabaquaraac.com.br\/index.php?rest_route=\/wp\/v2\/users\/1"}],"replies":[{"embeddable":true,"href":"https:\/\/jabaquaraac.com.br\/index.php?rest_route=%2Fwp%2Fv2%2Fcomments&post=84"}],"version-history":[{"count":18,"href":"https:\/\/jabaquaraac.com.br\/index.php?rest_route=\/wp\/v2\/pages\/84\/revisions"}],"predecessor-version":[{"id":740,"href":"https:\/\/jabaquaraac.com.br\/index.php?rest_route=\/wp\/v2\/pages\/84\/revisions\/740"}],"wp:attachment":[{"href":"https:\/\/jabaquaraac.com.br\/index.php?rest_route=%2Fwp%2Fv2%2Fmedia&parent=84"}],"curies":[{"name":"wp","href":"https:\/\/api.w.org\/{rel}","templated":true}]}}